 is -13154 (base 6) in base 5?
-31024
Convert 1bb (base 12) to base 2.
100011111
What is -58cd (base 14) in base 16?
-3c6d
-244455 (base 6) to base 15
-66be
What is 4e1 (base 15) in base 5?
13421
Convert 100200 (base 3) to base 5.
2021
Convert 456 (base 16) to base 3.
1112010
What is 2501 (base 6) in base 14?
31b
What is 422 (base 6) in base 12?
112
Convert 151e5 (base 15) to base 10.
67940
What is -35368 (base 9) in base 5?
-1224013
What is 215670 (base 8) in base 9?
120562
What is -205555 (base 6) in base 14?
-61d5
Convert 23c (base 16) to base 11.
480
Convert -302 (base 9) to base 16.
-f5
-20503 (base 6) to base 12
-1733
Convert 7660 (base 12) to base 5.
404112
-457 (base 9) to base 6
-1424
What is -49502 (base 11) in base 14?
-1bd02
What is 296 (base 14) in base 15?
24e
What is -e54d (base 16) in base 5?
-3334301
What is -12339 (base 13) in base 16?
-82e6
What is -10a3 (base 12) in base 14?
-963
Convert -426 (base 10) to base 12.
-2b6
285c (base 14) to base 5
212023
Convert 1516 (base 12) to base 8.
4642
What is -53b (base 12) in base 7?
-2144
Convert 367 (base 15) to base 2.
1100000100
12 (base 14) to base 4
100
What is -b2 (base 16) in base 12?
-12a
What is -aac6 (base 13) in base 8?
-56416
-6415 (base 13) to base 8
-33064
-47 (base 10) to base 5
-142
Convert -13443 (base 7) to base 10.
-3657
-42295 (base 10) to base 5
-2323140
4b50 (base 13) to base 15
3292
What is 1311 (base 15) in base 13?
1b0a
Convert 110000001100 (base 2) to base 14.
11a4
Convert 3c9 (base 13) to base 11.
561
Convert 1000110 (base 2) to base 16.
46
Convert 20353 (base 7) to base 4.
1031323
What is -2ab (base 12) in base 14?
-21d
Convert 5263 (base 8) to base 12.
1703
248a5 (base 11) to base 8
105551
-6a36 (base 12) to base 13
-5517
What is 4240312 (base 5) in base 7?
414652
Convert 7892 (base 14) to base 4.
11012220
Convert -7824 (base 13) to base 3.
-211222210
What is 1755 (base 9) in base 6?
10122
Convert -213423 (base 5) to base 13.
-3475
What is 1023 (base 9) in base 15?
350
What is 2c764 (base 13) in base 10?
84751
What is 5563 (base 7) in base 11?
1563
-3655 (base 7) to base 11
-102a
Convert 211012112 (base 3) to base 16.
3f3b
3a3 (base 16) to base 10
931
753 (base 8) to base 11
407
Convert 20181 (base 9) to base 3.
200012201
What is -1839 (base 10) in base 6?
-12303
What is -76d (base 15) in base 5?
-23203
Convert -5034 (base 6) to base 9.
-1454
1466 (base 13) to base 12
1865
-831 (base 10) to base 15
-3a6
62 (base 16) to base 15
68
25044 (base 6) to base 4
321310
-1122 (base 4) to base 15
-60
100313 (base 4) to base 7
3101
What is -4036 (base 8) in base 15?
-938
-1362 (base 9) to base 7
-2666
Convert -61 (base 16) to base 2.
-1100001
What is -23133 (base 5) in base 9?
-2253
-12476 (base 8) to base 3
-21110102
What is 20025 (base 7) in base 15?
1666
Convert -27040 (base 8) to base 13.
-54b4
-2342 (base 5) to base 11
-296
Convert 3433 (base 7) to base 15.
584
What is 9aa8 (base 12) in base 9?
25432
1122021 (base 3) to base 16
4ab
-100001010 (base 2) to base 9
-325
-22002102 (base 3) to base 7
-23123
Convert 27d (base 16) to base 6.
2541
Convert 19576 (base 13) to base 8.
140174
-1461 (base 10) to base 5
-21321
Convert 807 (base 11) to base 15.
450
1510 (base 13) to base 15
d8a
-1997 (base 12) to base 5
-100024
100111101111 (base 2) to base 15
b48
-1189 (base 16) to base 6
-32441
Convert -407 (base 10) to base 7.
-1121
47384 (base 10) to base 4
23210120
What is -10010011 (base 3) in base 9?
-3104
52064 (base 8) to base 2
101010000110100
Convert -153135 (base 6) to base 3.
-202112012
1722 (base 9) to base 12
918
What is -1144214 (base 6) in base 3?
-10002002001
Convert -433 (base 9) to base 12.
-256
What is -e665 (base 16) in base 6?
-1133021
-2028 (base 12) to base 2
-110110100000
What is 47 (base 12) in base 6?
131
What is c12 (base 13) in base 8?
3773
What is -120122 (base 3) in base 11?
-354
What is 204021 (base 5) in base 9?
10242
Convert -3044320 (base 5) to base 3.
-2112112101
Convert 122424 (base 5) to base 9.
6445
-10101011100 (base 2) to base 4
-111130
Convert -881 (base 13) to base 6.
-10425
211e (base 15) to base 8
15534
What is 304 (base 7) in base 6?
411
Convert 940 (base 14) to base 2.
11100011100
What is -1011212112 (base 3) in base 12?
-11542
342 (base 13) to base 16
231
-1131 (base 10) to base 13
-690
What is 15287 (base 9) in base 15?
3167
What is 1110111 (base 2) in base 11?
a9
What is -2b1c (base 13) in base 8?
-14206
-112320 (base 4) to base 10
-1464
What is 20211 (base 3) in base 13?
112
-230210 (base 5) to base 6
-101512
What is -836 (base 9) in base 4?
-22221
Convert -1011001101000 (base 2) to base 15.
-1a76
Convert 21010 (base 5) to base 13.
822
What is -2013324 (base 5) in base 10?
-32339
Convert -111032 (base 4) to base 14.
-6d0
Convert 102 (base 14) to base 16.
c6
Convert 47d2 (base 16) to base 14.
69b4
-607 (base 13) to base 2
-1111111101
Convert 3431 (base 5) to base 8.
753
-25c (base 14) to base 11
-3a1
45 (base 14) to base 8
75
What is -22054 (base 6) in base 7?
-11626
6075 (base 9) to base 12
26a2
31213 (base 4) to base 2
1101100111
-1944 (base 15) to base 8
-12530
Convert -113641 (base 7) to base 8.
-50120
What is -3442 (base 9) in base 3?
-10111102
2b9 (base 12) to base 10
429
Convert -755 (base 11) to base 3.
-1020121
6820 (base 12) to base 16
2d18
-1101120211 (base 3) to base 7
-142612
What is 330123 (base 5) in base 9?
16432
33101 (base 4) to base 15
452
What is -360 (base 12) in base 7?
-1320
Convert 103 (base 4) to base 7.
25
-373 (base 13) to base 12
-421
What is 6458 (base 12) in base 4?
2230010
Convert 102001031 (base 4) to base 10.
73805
What is -13331323 (base 4) in base 12?
-16a77
Convert -1111210 (base 3) to base 4.
-101031
What is 65452 (base 8) in base 9?
41562
Convert -12210202 (base 3) to base 7.
-15224
Convert -738 (base 12) to base 13.
-62c
Convert -725 (base 11) to base 6.
-4014
Convert 101221 (base 3) to base 2.
100100111
What is 27428 (base 10) in base 7?
142652
What is -1202022101 (base 3) in base 2?
-1000011010111001
132101 (base 6) to base 5
342013
60 (base 11) to base 10
66
What is 13d (base 14) in base 11?
209
Convert 23121 (base 7) to base 9.
8070
2313022 (base 4) to base 16
2dca
-a18 (base 16) to base 8
-5030
-121122001 (base 3) to base 11
-9122
Convert -10001001010 (base 2) to base 7.
-3126
Convert -1001010111 (base 2) to base 7.
-1514
-324052 (base 6) to base 3
-1100210012
Convert -33100 (base 4) to base 6.
-4304
21613 (base 7) to base 16
1549
What is 2047 (base 9) in base 12?
a51
Convert 280 (base 14) to base 2.
111111000
What is 21356 (base 7) in base 11?
4009
Convert -133312 (base 7) to base 16.
-626b
Convert 34506 (base 7) to base 3.
110002220
Convert -1065 (base 7) to base 13.
-240
-3bc4 (base 15) to base 6
-135104
-22120 (base 6) to base 10
-3072
Convert -2643 (base 12) to base 6.
-32123
4726 (base 8) to base 13
11b9
Convert -3852 (base 10) to base 15.
-121c
Convert -569 (base 11) to base 6.
-3052
What is -4344 (base 7) in base 3?
-2010110
Convert 2336 (base 11) to base 16.
bf8
What is -110000000 (base 2) in base 7?
-1056
-1001101111110 (base 2) to base 4
-1031332
Convert 110110010010100 (base 2) to base 16.
6c94
Convert -825 (base 11) to base 12.
-6ab
What is 30233 (base 4) in base 3?
1010012
636 (base 10) to base 12
450
-10410 (base 5) to base 4
-23122
13906 (base 16) to base 4
103210012
Convert -35546 (base 7) to base 10.
-9197
Convert 111101000011 (base 2) to base 13.
1a17
Convert -79 (base 14) to base 6.
-255
Convert 1660 (base 7) to base 14.
367
Convert 93a3 (base 16) to base 13.
14284
-4727 (base 10) to base 14
-1a19
What is -573 (base 14) in base 4?
-100321
Convert 133132 (base 4) to base 7.
5605
-3574 (base 8) to base 9
-2558
What is -6b24 (base 16) in base 9?
-41555
Convert -11000 (base 4) to base 15.
-165
Convert 257 (base 14) to base 11.
397
Convert 1110111100 (base 2) to base 8.
1674
Convert 512453 (base 6) to base 10.
40785
What is 110100000 (base 2) in base 14?
21a
What is 20b8 (base 16) in base 9?
12436
Convert -965 (base 15) to base 6.
-13452
Convert -77 (base 12) to base 14.
-67
-2212120 (base 3) to base 2
-100000101110
What is 25946 (base 10) in base 16?
655a
What is 137 (base 14) in base 6?
1045
Convert -4026 (base 7) to base 14.
-716
What is 1b66 (base 14) in base 1